hat is the tens digit of i?
1
Let h be (-210)/20 - (-6)/4. Let v(j) = -j - 7. Let k be v(h). Suppose 4*f + k*f = 120. What is the units digit of f?
0
Suppose -p + 5 = g, 8*p - 4*p = -3*g + 17. Suppose 5*r = 7 + 23. Suppose -p*s = -r*s + 92. What is the units digit of s?
3
Let q = -12 + 17. Suppose -3*m - 2*t = 3*t, 3*m - 30 = 5*t. Suppose -m*a + 2*u + 18 = 0, -6*u = a - q*u + 2. What is the units digit of a?
2
Let n = 512 + -743. Let y = n - -332. What is the units digit of y?
1
Let p be (-104)/(-65) - (-2)/5. Let j(y) = 19*y**p + 4 - 2*y**3 - 8*y**2 - 4*y**2 - 3*y - 10*y**2. What is the units digit of j(-3)?
0
Suppose -8*o = -7*o + 30. Let q = -111 - o. Let j = 114 + q. What is the units digit of j?
3
Suppose j = 2*d + 21, d = 2*j + 4 - 22. Let g(q) = q**2 + 7*q - 9. Let x be g(3). Let u = x + d. What is the units digit of u?
3
Suppose -717 - 2253 = -5*i. Suppose i = 4*c - q, 0*q + 5*q + 437 = 3*c. What is the hundreds digit of c?
1
Suppose -3*g + 50 + 97 = 0. Suppose -5 - g = -3*a. What is the tens digit of a?
1
Let s be 7/((-35)/(-2))*5. Suppose 0 = -3*y - 3*k + 2*k + 404, -272 = -s*y + 2*k. What is the hundreds digit of y?
1
Let t = -42 + 40. What is the tens digit of (-494)/(-8) - t/(-16)*6?
6
Let k = -25 - -25. Suppose u - 36 - 15 = k. What is the tens digit of u?
5
Let o(s) = 51*s - 138. What is the tens digit of o(7)?
1
Let k = 2090 - 968. What is the units digit of k?
2
Let x(m) = -47*m - 43. Let l be x(-13). Suppose 0 = -15*s + 11*s + l. What is the hundreds digit of s?
1
Let p = 1432 + 1233. What is the thousands digit of p?
2
Let r be (-2)/(-6) + (-1200)/(-45). Suppose 4*o + 15 = r. Suppose 236 = o*f + f. What is the tens digit of f?
5
Suppose 2*j - 4*z = -j - 8, -z = -5*j - 2. Suppose 4*t - 2*a - 490 = j, 0*t - 3*a + 629 = 5*t. What is the hundreds digit of t?
1
Suppose 10 = 3*j - 47. Suppose -4 = -4*a + 4. Suppose -h = -c + j, a*c = 5*h + 43 - 11. What is the units digit of c?
1
Let o be (-20)/70 + 506/7. Suppose 3*y - o = -y. Suppose 81 = -y*i + 21*i. What is the tens digit of i?
2
Let n(x) = -x**2 + 5*x + 7. Let j be n(5). Suppose j*k = -178 + 1599. What is the units digit of k?
3
What is the units digit of ((-3014)/(-7))/(174/609)?
7
What is the units digit of (2 + (-6764)/(-8))*(-28)/(-35)?
8
Suppose 0 = 2*m + 2*j - 173 - 285, m - 224 = 4*j. Suppose -4*b = -7*b + m. What is the tens digit of b?
7
What is the units digit of (2 - -4949)*(9 + (2 - 10))?
1
Let n be 2/(-8) + (-84)/48. What is the units digit of (-3 - (1 + n) - -110) + -3?
5
Suppose 8 = -c + 2*k, -24 = 3*c + 2*k - 5*k. Let t = 3 - 6. Let w = t - c. What is the units digit of w?
5
Let j(k) = 2*k**2 + k - 2. Suppose 12 = 3*w, 3*i - w + 4*w = 15. What is the units digit of j(i)?
1
Let h(l) = -126*l - 28. Let d be h(-5). Suppose -w + 2*n = -5*w + d, -154 = -w - 4*n. What is the hundreds digit of w?
1
Let c = 1167 + -780. What is the units digit of c?
7
Let q(n) = -n**2 + 10*n - 10. Let i be q(7). Let o = 2 + i. Let x = -10 + o. What is the units digit of x?
3
Let n(g) = -11*g**2 + 2*g + 2. Let d be n(-1). Let p be 98/4 + 1/2. Let m = d + p. What is the units digit of m?
4
Let n(w) = 2*w**2 + w + 4. Let l be n(-2). Let a(p) = -p**2 + 11*p + 3. What is the tens digit of a(l)?
1
Let r = -32 + 20. Let y(h) = -h**3 + 2*h**3 - 3*h - 3 - 2 + 12*h**2. What is the tens digit of y(r)?
3
Suppose 1000 = 6*l - 314. What is the hundreds digit of l?
2
Suppose 0 = -4*g - 168 + 8. Let s = g + 318. What is the hundreds digit of s?
2
Suppose -n - 1194 = 2*n + 2*y, 9 = 3*y. Let q = n - -594. What is the tens digit of q?
9
Suppose 4*q = -4*f - 8, -f - 2*q - 6 - 1 = 0. Suppose 3*u + 293 + 11 = 4*g, f*g - u - 228 = 0. What is the tens digit of g?
7
Let g(q) = -18*q - 8. Let b(i) = 2*i**2 - 10*i - 1. Let s(z) = -3*z**2 + 19*z + 3. Let o(t) = 5*b(t) + 3*s(t). Let d be o(-6). What is the tens digit of g(d)?
2
Let h = -3764 + 7638. What is the thousands digit of h?
3
Let i be (-1)/(-5 + ((-207)/(-21) - 5)). Suppose -137 = -2*m - 5*t, -4*m + 6*m = -t + 157. Suppose -4*q - m = -i*q. What is the tens digit of q?
2
Let q = -207 + 102. What is the tens digit of q/((-2)/(12/9))?
7
Let k(m) = -m - 3. Let g = 6 + -3. Suppose -g*a = -3*r - 9, r + 5*a + 13 = -2. What is the units digit of k(r)?
2
Suppose -3*a = 3*q - 4665, 3*a + 0*a - q - 4645 = 0. What is the tens digit of a?
5
Let k = 93 - 158. Let d be (-6)/(-39) + (-6685)/k. Suppose 3*z + 28 = d. What is the units digit of z?
5
Let n(a) = 354*a - 27. Let d be n(2). Suppose l = -5*v + 243, -2*v = 3*l + v - d. What is the units digit of l?
3
Suppose 559 + 1359 = 14*x. Suppose 3*h = 2*h + x. What is the units digit of h?
7
Let m = 691 + -360. What is the units digit of m?
1
Suppose 1345 = 9*f - 1553. Suppose f + 8 = 5*j. What is the tens digit of j?
6
Let k be (1/(-2))/(2/(-16)). Suppose -k*b + 5*b - 9 = 0. Let j(d) = d**3 - 10*d**2 + 10*d. What is the units digit of j(b)?
9
Let x = -19 - -21. Suppose -a - x*j + 6*j = -219, -4*a = -5*j - 887. Suppose 2*z + m - 110 = 0, -3*z + 2*m + a - 65 = 0. What is the units digit of z?
4
Let s = -60 + 122. Suppose h - s = 5*r, 5*h - 210 = 7*r - 2*r. What is the units digit of h?
7
Let q be 1316 + 2/6*(-1 - 2). Suppose -7*i = -q + 118. What is the hundreds digit of i?
1
Suppose -4*m + 6*m + 7993 = 5*o, o + m - 1593 = 0. What is the units digit of o?
7
Let f(y) = y**2 - y - 1. Let k be f(-7). Let h = k - -68. What is the hundreds digit of h?
1
Suppose 14 = 4*w + 2. Suppose n - w - 1 = 0. Suppose 0 = n*j - 71 - 1. What is the tens digit of j?
1
Let i = 31 - 31. Suppose i = 13*z - 16*z + 228. What is the tens digit of z?
7
Suppose 5*t = 25 + 275. What is the units digit of t?
0
Let j(n) = 4*n**2 - 10*n + 92. What is the hundreds digit of j(12)?
5
What is the units digit of (-24 - (2 - -1))*(-8 - -5)?
1
What is the units digit of 6288/(-36)*-6 - 4?
4
Let u = 1545 + -744. What is the units digit of u?
1
Let a(y) = 9*y**2 - y. Let h be a(1). Suppose h*m - 4*m - 308 = 0. Suppose 3*r + 5*v - 71 = m, 3*r - 144 = -3*v. What is the units digit of r?
6
Let k(g) = -78*g + 192. What is the tens digit of k(2)?
3
What is the hundreds digit of ((-3942)/36)/((-2)/8 + 0)?
4
What is the hundreds digit of (-1 - (-1938)/(-10))*(-108 + 103)?
9
Suppose 0 = -5*h + 3*v + 24, h = 3*h - 3*v - 6. Let b(d) = d**2 - 4. Let x be b(h). Let p = x - 19. What is the tens digit of p?
1
Let h(c) = 6*c + 3. Let a(k) = 5*k + 3. Let p(n) = -4*a(n) + 3*h(n). Let b be p(-4). Suppose -b*t = 4*l - t - 16, 4*l - 31 = t. What is the units digit of l?
7
Let h(s) = s**3 - 7*s**2 + 6*s + 1. Let f be h(6). Let r(o) = o**2 - 13*o + 48. Let y be r(5). Let k = f + y. What is the units digit of k?
9
Let v = 759 + 184. What is the units digit of v?
3
Let b(m) = -m**3 - 24*m - 23. What is the hundreds digit of b(-10)?
2
Let x(h) = 10*h**3 + 2*h**2 - 4*h + 5. Suppose 0 = -4*i - 5*u - 2, -4*i = -4*u - 0*u - 16. What is the tens digit of x(i)?
8
Let m(u) be the third derivative of 2*u**5/5 - u**3/6 - 7*u**2. What is the tens digit of m(1)?
2
Suppose 5*v + n - 1040 = 0, 4*v + 13*n - 821 = 10*n. What is the units digit of v?
9
What is the thousands digit of (30/6 + 663)*(-10)/(-4)?
1
Let r(c) = c**2 - 5*c + 8. Let n = -13 + 19. What is the units digit of r(n)?
4
What is the units digit of ((-11)/(-2) + -5)/(1/642)?
1
Let s(o) = 6*o**2 - 4*o + 3. Let m = 21 + -16. What is the hundreds digit of s(m)?
1
Let t(x) = x**2 - 14*x + 5. Suppose -b = -0*b + 15. Let k be 3/((-48)/b - 3). What is the tens digit of t(k)?
2
Let w(n) = -19*n - 31. Let l(u) = u**2 + 7*u + 5. Let k be l(-3). What is the tens digit of w(k)?
0
Let g(x) = x + 17. Let r be g(-15). Let j(z) = 2*z**2 - 3*z + 5. Let f be j(r). What is the units digit of (-14)/(-6)*(-4 + f)?
7
Let w(q) = -q**2 + 20*q - 18. Let z be w(19). What is the units digit of ((-45)/10 - -5)/(z/182)?
1
Suppose 0 = 2*c + 6*c - 24. Suppose 3*a - c*p = p + 130, 3*a + 5*p = 94. What is the tens digit of a?
3
What is the tens digit of ((-2252)/(-24))/(7/42)?
6
Suppose 0 = 2*x + 7 + 11. Let u(c) = -3*c - 13. Let b be u(x). Let q = 11 + b. What is the tens digit of q?
2
Let b(g) = 5*g**2 - 3*g. Let z be b(3). Suppose 3*w = -5*t - z + 239, 5*t = -5*w + 345. What is the units digit of w?
1
Suppose 2*s = c - 193 - 363, -2*c - s = -1092. What is the hun